{"id":156,"date":"2020-04-06T13:46:11","date_gmt":"2020-04-06T11:46:11","guid":{"rendered":"http:\/\/alexfruehling.de\/?page_id=156"},"modified":"2022-12-09T18:43:56","modified_gmt":"2022-12-09T17:43:56","slug":"kunstprojekte","status":"publish","type":"page","link":"http:\/\/alexfruehling.de\/?page_id=156","title":{"rendered":"Kunstprojekte"},"content":{"rendered":"\n<p class=\"has-medium-font-size\">Kunstprojekte mit Kindern und Jugendlichen: eine Auswahl<\/p>\n\n\n\n<div class=\"is-layout-flex wp-container-5 wp-block-columns\">\n<div class=\"is-layout-flow wp-block-column\" style=\"flex-basis:33.33%\">\n<figure class=\"is-layout-flex wp-block-gallery-1 wp-block-gallery has-nested-images columns-1 is-cropped\">\n<figure class=\"wp-block-image size-medium\"><a href=\"http:\/\/alexfruehling.de\/wp-content\/uploads\/20160714_135629-steindraussen-1-scaled.jpg\"><img decoding=\"async\" loading=\"lazy\" width=\"300\" height=\"169\" src=\"http:\/\/alexfruehling.de\/wp-content\/uploads\/20160714_135629-steindraussen-1-300x169.jpg\" alt=\"\" class=\"wp-image-381\" srcset=\"http:\/\/alexfruehling.de\/wp-content\/uploads\/20160714_135629-steindraussen-1-300x169.jpg 300w, http:\/\/alexfruehling.de\/wp-content\/uploads\/20160714_135629-steindraussen-1-1024x576.jpg 1024w, http:\/\/alexfruehling.de\/wp-content\/uploads\/20160714_135629-steindraussen-1-768x432.jpg 768w, http:\/\/alexfruehling.de\/wp-content\/uploads\/20160714_135629-steindraussen-1-1536x864.jpg 1536w, http:\/\/alexfruehling.de\/wp-content\/uploads\/20160714_135629-steindraussen-1-2048x1152.jpg 2048w\" sizes=\"(max-width: 300px) 100vw, 300px\" \/><\/a><\/figure>\n\n\n\n<figure class=\"wp-block-image size-medium\"><a href=\"http:\/\/alexfruehling.de\/wp-content\/uploads\/20190715_175546-1-scaled.jpg\"><img decoding=\"async\" loading=\"lazy\" width=\"300\" height=\"225\" src=\"http:\/\/alexfruehling.de\/wp-content\/uploads\/20190715_175546-1-300x225.jpg\" alt=\"\" class=\"wp-image-382\" srcset=\"http:\/\/alexfruehling.de\/wp-content\/uploads\/20190715_175546-1-300x225.jpg 300w, http:\/\/alexfruehling.de\/wp-content\/uploads\/20190715_175546-1-1024x768.jpg 1024w, http:\/\/alexfruehling.de\/wp-content\/uploads\/20190715_175546-1-768x576.jpg 768w, http:\/\/alexfruehling.de\/wp-content\/uploads\/20190715_175546-1-1536x1152.jpg 1536w, http:\/\/alexfruehling.de\/wp-content\/uploads\/20190715_175546-1-2048x1536.jpg 2048w\" sizes=\"(max-width: 300px) 100vw, 300px\" \/><\/a><\/figure>\n\n\n\n<figure class=\"wp-block-image size-medium\"><a href=\"http:\/\/alexfruehling.de\/wp-content\/uploads\/20190827_14312_gut5-1-scaled.jpg\"><img decoding=\"async\" loading=\"lazy\" width=\"300\" height=\"225\" src=\"http:\/\/alexfruehling.de\/wp-content\/uploads\/20190827_14312_gut5-1-300x225.jpg\" alt=\"\" class=\"wp-image-383\" srcset=\"http:\/\/alexfruehling.de\/wp-content\/uploads\/20190827_14312_gut5-1-300x225.jpg 300w, http:\/\/alexfruehling.de\/wp-content\/uploads\/20190827_14312_gut5-1-1024x768.jpg 1024w, http:\/\/alexfruehling.de\/wp-content\/uploads\/20190827_14312_gut5-1-768x576.jpg 768w, http:\/\/alexfruehling.de\/wp-content\/uploads\/20190827_14312_gut5-1-1536x1152.jpg 1536w, http:\/\/alexfruehling.de\/wp-content\/uploads\/20190827_14312_gut5-1-2048x1536.jpg 2048w\" sizes=\"(max-width: 300px) 100vw, 300px\" \/><\/a><\/figure>\n<\/figure>\n<\/div>\n\n\n\n<div class=\"is-layout-flow wp-block-column\" style=\"flex-basis:66.66%\">\n<p class=\"has-text-align-left\"><strong>202<\/strong>2<\/p>\n\n\n\n<p><\/p>\n\n\n\n<ul>\n<li>Mit selbst hergestellten Naturfarben auf den Rasen malen: &#8222;Gem\u00e4lde von oben&#8220;, Workshop mit Kindern und Jugendlichen<\/li>\n<\/ul>\n\n\n\n<p class=\"has-text-align-left\"><strong>2021<\/strong><\/p>\n\n\n\n<p><\/p>\n\n\n\n<ul>\n<li><strong>Fig\u00fcrliches Arbeiten\/Holzskulptur<\/strong>\/Kohlezeichnung, mit Kindern und Jugendlichen<\/li>\n\n\n\n<li><strong>4. Kunstausstellung<\/strong>  im Park!<\/li>\n<\/ul>\n\n\n\n<p><strong>2020<\/strong><\/p>\n\n\n\n<p><\/p>\n\n\n\n<ul>\n<li><strong>Landschaftsmalerei\/Portrait auf Holzrinde mit Salbei\u00f6lfarbe<\/strong>, Workshop mit Jugendlichen<\/li>\n\n\n\n<li><strong>&#8222;Wasserschalen f\u00fcr Tiere aus Ton im Nippeser T\u00e4lchen bauen&#8220;<\/strong>, Kinderworkshop<\/li>\n\n\n\n<li><strong>\u201eSteine vom Rhein\u201c<\/strong>, Kinderonlineworkshop (Steinfiguren\/Landschaften auf Leinwand bauen\/Malen)<\/li>\n\n\n\n<li><strong>\u201eCorona-K\u00f6rpersprache-Tonfiguren bauen\u201c<\/strong>, (Onlineworkshop f\u00fcr Jugendliche)<\/li>\n\n\n\n<li>Kindergartenprojekt <strong>\u201eFridays for future\u201c<\/strong>, Kiga Lummerland, K\u00f6ln-Nippes<\/li>\n\n\n\n<li>Kindergartenprojekt <strong>\u201eEisbilder \/Schneelandschaften\/Wintertiere\u201c<\/strong>, Kiga Lummerland, K\u00f6ln-Nippes<\/li>\n<\/ul>\n\n\n\n<p><\/p>\n\n\n\n<p><strong>2019<\/strong><\/p>\n\n\n\n<p><\/p>\n\n\n\n<ul>\n<li><strong>3. Kinderausstellung \u201eKunst mit allen Sinnen\u201c<\/strong>, Kunstwerkschule Nippes<\/li>\n\n\n\n<li>Kindergartenprojekt <strong>\u201ekeramisches Arbeiten\u201c<\/strong>, mit Besuch beim Brennofen, Kiga Lummerland, K\u00f6ln \u2013Nippes<\/li>\n\n\n\n<li><strong>\u201eSandskulpturen\u201c<\/strong> in \u00dcberlebensgr\u00f6\u00dfe bauen ( Meerestiere), Kinderworkshop<\/li>\n\n\n\n<li><strong>\u201eLandschaftsmalerei\u201c<\/strong>, Workshop mit Jugendlichen am Rhein<\/li>\n\n\n\n<li><strong>\u201eTiere in Bewegung\u201c<\/strong>, in Lindenholz bildhauen<\/li>\n\n\n\n<li>Kindergartenprojekt <strong>\u201eMalerei mit selbstgebauten Naturpinseln\u201c<\/strong>, Kiga Lummerland, K\u00f6ln-Nippes<\/li>\n\n\n\n<li>Kunstunterricht <strong>Schwerpunkt Ton\/Zeichnung<\/strong>, Peter-Ustinov-Realschule, K\u00f6ln<\/li>\n<\/ul>\n\n\n\n<p><\/p>\n\n\n\n<p><strong>2018<\/strong><\/p>\n\n\n\n<p><\/p>\n\n\n\n<ul>\n<li>Kunstunterricht Schwerpunkt <strong>Commedia dell&#8217;Arte-Masken\/Portrait\/Fig\u00fcrlich\/phantastische Tierwesen<\/strong> , mit Jugendlichen, Peter-Ustinov-Realschule, K\u00f6ln<\/li>\n\n\n\n<li><strong>\u201eMeeresskulpturen\u201c<\/strong>, Tonfiguren zeichnen und bauen mit Kindern, Steinbergergrundschule, K\u00f6ln<\/li>\n\n\n\n<li>\u201e<strong>Farbentanz\u201c, Malen mit den F\u00fcssen<\/strong>, Kinderworkshop<\/li>\n\n\n\n<li><strong>&#8222;Eiskunstlauf&#8220;<\/strong>, Kohle\/Graphitzeichnungen mit Jugendlichen vor Ort<\/li>\n\n\n\n<li>Kindergartenprojekt <strong>&#8222;Holzarbeiten mit allen Sinnen&#8220;<\/strong>, Kiga Sp\u00fcrnasen, K\u00f6ln-Weidenpesch<\/li>\n<\/ul>\n\n\n\n<p><\/p>\n\n\n\n<p><strong>2017<\/strong><\/p>\n\n\n\n<p><\/p>\n\n\n\n<ul>\n<li>Kindergartenprojekt <strong>&#8222;Einf\u00fchrung Malerei\/Franz Marc mit allen Sinnen&#8220;<\/strong>, Kiga Lummerland, K\u00f6ln-Nippes<\/li>\n\n\n\n<li><strong>&#8222;Krippenfiguren aus Ton&#8220;<\/strong>, Einf\u00fchrung Ton, Montessori-Grundschule, K\u00f6ln-Riehl<\/li>\n\n\n\n<li><strong>2. Kinderausstellung &#8222;Kunst mit allen Sinnen&#8220;<\/strong>, Kunstwerkschule K\u00f6ln-Nippes<\/li>\n\n\n\n<li><strong>&#8222;Schwimmworkshop&#8220;<\/strong> Kohle\/Graphitzeichnungen mit Jugendlichen<\/li>\n\n\n\n<li><strong>&#8222;Mit Salbei\u00f6lfarbe in der Natur malen&#8220;<\/strong>, Workshop mit Kindern und Jugendlichen<\/li>\n\n\n\n<li>Kindergartenprojekt <strong>&#8222;Savanne, mit Ton skultieren&#8220;<\/strong>, Kiga Sp\u00fcrnasen, K\u00f6ln-Weidenpesch<\/li>\n\n\n\n<li><strong>&#8222;Hasen aus Heu skulptieren&#8220;<\/strong>, Osterworkshop<\/li>\n<\/ul>\n\n\n\n<p><\/p>\n\n\n\n<p><strong>2016<\/strong><\/p>\n\n\n\n<p><\/p>\n\n\n\n<ul>\n<li><strong>&#8222;Farben aus Naturmaterialien herstellen und damit malen&#8220;<\/strong>, Workshop mit Jugendlichen<\/li>\n\n\n\n<li><strong>&#8222;Tonfratzenwald&#8220;<\/strong>, Workshop mit Kindern vor Ort<\/li>\n\n\n\n<li>Kindergartenprojekt <strong>&#8222;Waldgeister\/Einf\u00fchrung Expressionismus&#8220;<\/strong>, Kiga Sp\u00fcrnasen, K\u00f6ln-Weidenpesch<\/li>\n\n\n\n<li><strong>&#8222;Steinworkshop&#8220;<\/strong>, f\u00fcr Jugendliche vor Ort im Park, K\u00f6ln-Nippes<\/li>\n\n\n\n<li>Kindergartenprojekt <strong>&#8222;Farbenzauber&#8220;<\/strong>, Kiga Lummerland, K\u00f6ln-Nippes<\/li>\n<\/ul>\n\n\n\n<p><\/p>\n\n\n\n<p><strong>2015<\/strong><\/p>\n\n\n\n<p><\/p>\n\n\n\n<ul>\n<li><strong>&#8222;Kunstg\u00e4ste&#8220;<\/strong>, einw\u00f6chiger Workshop mit Jugendlichen mit Besuch des Kulturbunkers in M\u00fclheim und dem Stammheimer Schlossparks<\/li>\n\n\n\n<li>Kindergartenprojekt <strong>&#8222;Kunst mit allen Sinnen im Sommer&#8220;<\/strong>, Kiga Lummerland, K\u00f6ln-Nippes<\/li>\n<\/ul>\n\n\n\n<p><\/p>\n\n\n\n<p><strong>2014<\/strong><\/p>\n\n\n\n<p><\/p>\n\n\n\n<ul>\n<li>1. Kinderausstellung , &#8222;Kunst mit allen Sinnen&#8220; Kunstwerkschule Nippes<\/li>\n<\/ul>\n<\/div>\n<\/div>\n\n\n\n<p><\/p>\n","protected":false},"excerpt":{"rendered":"<p>Kunstprojekte mit Kindern und Jugendlichen: eine Auswahl 2022 2021 2020 2019 2018 2017 2016 2015 2014<\/p>\n","protected":false},"author":1,"featured_media":0,"parent":0,"menu_order":0,"comment_status":"closed","ping_status":"closed","template":"","meta":[],"_links":{"self":[{"href":"http:\/\/alexfruehling.de\/index.php?rest_route=\/wp\/v2\/pages\/156"}],"collection":[{"href":"http:\/\/alexfruehling.de\/index.php?rest_route=\/wp\/v2\/pages"}],"about":[{"href":"http:\/\/alexfruehling.de\/index.php?rest_route=\/wp\/v2\/types\/page"}],"author":[{"embeddable":true,"href":"http:\/\/alexfruehling.de\/index.php?rest_route=\/wp\/v2\/users\/1"}],"replies":[{"embeddable":true,"href":"http:\/\/alexfruehling.de\/index.php?rest_route=%2Fwp%2Fv2%2Fcomments&post=156"}],"version-history":[{"count":21,"href":"http:\/\/alexfruehling.de\/index.php?rest_route=\/wp\/v2\/pages\/156\/revisions"}],"predecessor-version":[{"id":584,"href":"http:\/\/alexfruehling.de\/index.php?rest_route=\/wp\/v2\/pages\/156\/revisions\/584"}],"wp:attachment":[{"href":"http:\/\/alexfruehling.de\/index.php?rest_route=%2Fwp%2Fv2%2Fmedia&parent=156"}],"curies":[{"name":"wp","href":"https:\/\/api.w.org\/{rel}","templated":true}]}}